62.
12
What is the remainder when 52066197 is divided by 100?
97
Calculate the remainder when 19290 is divided by 4818.
18
What is the remainder when 2498374 is divided by 499661?
69
Calculate the remainder when 90925 is divided by 44680.
1565
Calculate the remainder when 2139251 is divided by 7.
2
What is the remainder when 646937 is divided by 1844?
1537
Calculate the remainder when 227626 is divided by 164.
158
Calculate the remainder when 329298 is divided by 49.
18
Calculate the remainder when 340422 is divided by 49.
19
Calculate the remainder when 1716169 is divided by 1482.
13
What is the remainder when 4942779 is divided by 82379?
39
What is the remainder when 10361655 is divided by 673?
147
Calculate the remainder when 2507267 is divided by 11094.
23
What is the remainder when 43840 is divided by 2877?
685
What is the remainder when 262041 is divided by 9461?
6594
What is the remainder when 192589548 is divided by 4851?
4848
What is the remainder when 22301 is divided by 10884?
533
Calculate the remainder when 87821353 is divided by 880.
873
What is the remainder when 50193 is divided by 231?
66
What is the remainder when 180692 is divided by 16397?
325
What is the remainder when 1091490 is divided by 144?
114
What is the remainder when 182843876 is divided by 14?
12
What is the remainder when 86145 is divided by 1566?
15
What is the remainder when 70956483 is divided by 38?
33
What is the remainder when 1090086 is divided by 363362?
0
What is the remainder when 241819064 is divided by 49?
46
What is the remainder when 5757969 is divided by 6904?
33
Calculate the remainder when 41531 is divided by 6844.
467
What is the remainder when 63469 is divided by 3041?
2649
What is the remainder when 196149101 is divided by 6711?
6704
Calculate the remainder when 64538 is divided by 21460.
158
What is the remainder when 4719510 is divided by 497?
495
Calculate the remainder when 1714141 is divided by 35711.
13
What is the remainder when 1497053 is divided by 2879?
2852
Calculate the remainder when 15719 is divided by 13557.
2162
What is the remainder when 3766767 is divided by 443?
381
Calculate the remainder when 79272655 is divided by 11324665.
0
Calculate the remainder when 197407 is divided by 49323.
115
What is the remainder when 423454394 is divided by 50?
44
Calculate the remainder when 30614353 is divided by 13.
3
Calculate the remainder when 413166 is divided by 166.
158
Calculate the remainder when 41400 is divided by 2215.
1530
What is the remainder when 26881237 is divided by 43?
2
Calculate the remainder when 1272201 is divided by 1113.
42
What is the remainder when 170452 is divided by 24?
4
What is the remainder when 222529 is divided by 181?
80
What is the remainder when 6467427 is divided by 78871?
5
Calculate the remainder when 835618 is divided by 208878.
106
Calculate the remainder when 3208537 is divided by 28145.
7
What is the remainder when 6096970 is divided by 47?
36
What is the remainder when 22535 is divided by 4767?
3467
What is the remainder when 5674347 is divided by 2028?
3
What is the remainder when 29631 is divided by 21?
0
Calculate the remainder when 50677947 is divided by 53.
36
Calculate the remainder when 1408660 is divided by 176078.
36
Calculate the remainder when 26242 is divided by 2048.
1666
Calculate the remainder when 49511765 is divided by 35697.
26
What is the remainder when 18674480 is divided by 1338?
14
Calculate the remainder when 938156 is divided by 58605.
476
What is the remainder when 4308095 is divided by 5706?
65
What is the remainder when 6539077 is divided by 34?
27
Calculate the remainder when 7683197 is divided by 1477.
1320
Calculate the remainder when 378252 is divided by 6512.
556
Calculate the remainder when 103416 is divided by 693.
159
What is the remainder when 1280050 is divided by 12095?
10075
What is the remainder when 16287939 is divided by 121?
8
What is the remainder when 60708 is divided by 579?
492
What is the remainder when 6515682 is divided by 4281?
0
Calculate the remainder when 1749213 is divided by 1583.
1581
Calculate the remainder when 103890253 is divided by 12.
1
What is the remainder when 193088 is divided by 6658?
6
Calculate the remainder when 7769797 is divided by 904.
821
What is the remainder when 1085930 is divided by 542941?
48
Calculate the remainder when 9290 is divided by 4631.
28
What is the remainder when 10510066 is divided by 46?
32
What is the remainder when 269271686 is divided by 189?
173
Calculate the remainder when 2746124 is divided by 915328.
140
Calculate the remainder when 330676 is divided by 418.
38
What is the remainder when 101721 is divided by 33384?
1569
What is the remainder when 45283 is divided by 11246?
299
What is the remainder when 2694165 is divided by 673527?
57
Calculate the remainder when 182796 is divided by 60896.
108
Calculate the remainder when 180092 is divided by 5002.
20
Calculate the remainder when 5331735 is divided by 13.
6
Calculate the remainder when 1066144 is divided by 1227.
1108
What is the remainder when 3338879 is divided by 111?
110
What is the remainder when 8406189 is divided by 2802058?
15
What is the remainder when 471299219 is divided by 180?
179
Calculate the remainder when 414102 is divided by 138008.
78
What is the remainder when 280003 is divided by 3218?
37
Calculate the remainder when 3699499 is divided by 924867.
31
Calculate the remainder when 1957422 is divided by 391482.
12
What is the remainder when 8953909 is divided by 11?
8
Calculate the remainder when 1657652 is divided by 1449.
1445
What is the remainder when 101373 is divided by 947?
44
Calculate the remainder when 10066 is divided by 346.
32
Calculate the remainder when 2682601 is divided by 3945.
1
Calculate the remainder when 1031944 is divided by 1525.
1044
What is the remainder when 98084 is divided by 96135?
1949
What is the remainder when 16250 is divided by 7372?
1506
Calculate the remainder when 30178907 is divided by 12.
11
Calculate the remainder when 939823 is divided by 45.
43
Calculate the remainder when 2584925 is divided by 5.
0
What is the remainder when 4392552 is divided by 292?
288
Calculate the remainder when 142614 is divided by 2742.
30
What is the remainder when 1817734 is divided by 17?
9
Calculate the remainder when 674435700 is divided by 112405948.
12
What is the remainder when 157482 is divided by 3219?
2970
What is the remainder when 304324 is divided by 6914?
108
Calculate the remainder when 1330660 is divided by 443548.
16
Calculate the remainder when 8986666 is divided by 6.
4
Calculate the remainder when 236845 is divided by 10760.
125
Calculate the remainder when 9156 is divided by 2993.
177
What is the remainder when 582360 is divided by 2022?
24
What is the remainder when 8703045 is divided by 408?
405
Calculate the remainder when 25944780 is divided by 916.
912
What is the remainder when 25660954 is divided by 7?
4
Calculate the remainder when 6463640 is divided by 11.
7
Calculate the remainder when 418768 is divided by 1534.
1520
Calculate the remainder when 1598848 is divided by 60.
28
What is the remainder when 369766 is divided by 4051?
1125
What is the remainder when 258853 is divided by 6471?
13
What is the remainder when 10855331 is divided by 3618430?
41
What is the remainder when 1948047 is divided by 162?
159
What is the remainder when 73114 is divided by 1522?
58
What is the remainder when 5105152 is divided by 431?
388
Calculate the remainder when 219625 is divided by 85.
70
What is the remainder when 92523902 is divided by 5442582?
8
What is the remainder when 234060771 is divided by 877?
872
Calculate the remainder when 14408886 is divided by 39.
24
What is the remainder when 664324 is divided by 332104?
116
What is the remainder when 7448745 is divided by 5050?
5045
Calculate the remainder when 13725 is divided by 76.
45
What is the remainder when 199351 is divided by 423?
118
Calculate the remainder when 1684860 is divided by 842.
18
Calculate the remainder when 6152748 is divided by 17834.
18
What is the remainder when 3663545799 is divided by 95?
94
What is the remainder when 32772393 is divided by 34?
31
Calculate the remainder when 142108 is divided by 925.
583
Calcul